{"id":5520,"date":"2022-12-07T10:41:39","date_gmt":"2022-12-07T13:41:39","guid":{"rendered":"http:\/\/rojdelta.com.br\/?page_id=5520"},"modified":"2023-01-06T13:16:33","modified_gmt":"2023-01-06T16:16:33","slug":"teste2-duplicate-5436-duplicate-5513","status":"publish","type":"page","link":"https:\/\/rojdelta.com.br\/?page_id=5520","title":{"rendered":"servicos"},"content":{"rendered":"\t\t<div data-elementor-type=\"wp-page\" data-elementor-id=\"5520\" class=\"elementor elementor-5520\">\n\t\t\t\t\t\t\t\t\t<section class=\"elementor-section elementor-top-section elementor-element elementor-element-a851d63 elementor-section-boxed elementor-section-height-default elementor-section-height-default\" data-id=\"a851d63\" data-element_type=\"section\">\n\t\t\t\t\t\t<div class=\"elementor-container elementor-column-gap-default\">\n\t\t\t\t\t<div class=\"elementor-column elementor-col-25 elementor-top-column elementor-element elementor-element-71f1ffd\" data-id=\"71f1ffd\" data-element_type=\"column\">\n\t\t\t<div class=\"elementor-widget-wrap elementor-element-populated\">\n\t\t\t\t\t\t\t\t<div class=\"elementor-element elementor-element-56d98ab elementor-widget elementor-widget-button\" data-id=\"56d98ab\" data-element_type=\"widget\" data-widget_type=\"button.default\">\n\t\t\t\t<div class=\"elementor-widget-container\">\n\t\t\t\t\t<div class=\"elementor-button-wrapper\">\n\t\t\t<a href=\"http:\/\/rojdelta.com.br\" class=\"elementor-button-link elementor-button elementor-size-sm\" role=\"button\">\n\t\t\t\t\t\t<span class=\"elementor-button-content-wrapper\">\n\t\t\t\t\t\t<span class=\"elementor-button-text\">Home<\/span>\n\t\t<\/span>\n\t\t\t\t\t<\/a>\n\t\t<\/div>\n\t\t\t\t<\/div>\n\t\t\t\t<\/div>\n\t\t\t\t\t<\/div>\n\t\t<\/div>\n\t\t\t\t<div class=\"elementor-column elementor-col-25 elementor-top-column elementor-element elementor-element-c974510\" data-id=\"c974510\" data-element_type=\"column\">\n\t\t\t<div class=\"elementor-widget-wrap elementor-element-populated\">\n\t\t\t\t\t\t\t\t<div class=\"elementor-element elementor-element-2ec9ca0 elementor-widget elementor-widget-button\" data-id=\"2ec9ca0\" data-element_type=\"widget\" data-widget_type=\"button.default\">\n\t\t\t\t<div class=\"elementor-widget-container\">\n\t\t\t\t\t<div class=\"elementor-button-wrapper\">\n\t\t\t<a href=\"http:\/\/rojdelta.com.br\/?page_id=5513\" class=\"elementor-button-link elementor-button elementor-size-sm\" role=\"button\">\n\t\t\t\t\t\t<span class=\"elementor-button-content-wrapper\">\n\t\t\t\t\t\t<span class=\"elementor-button-text\">A Empresa <\/span>\n\t\t<\/span>\n\t\t\t\t\t<\/a>\n\t\t<\/div>\n\t\t\t\t<\/div>\n\t\t\t\t<\/div>\n\t\t\t\t\t<\/div>\n\t\t<\/div>\n\t\t\t\t<div class=\"elementor-column elementor-col-25 elementor-top-column elementor-element elementor-element-3c2809c\" data-id=\"3c2809c\" data-element_type=\"column\">\n\t\t\t<div class=\"elementor-widget-wrap elementor-element-populated\">\n\t\t\t\t\t\t\t\t<div class=\"elementor-element elementor-element-a52029d elementor-widget elementor-widget-button\" data-id=\"a52029d\" data-element_type=\"widget\" data-widget_type=\"button.default\">\n\t\t\t\t<div class=\"elementor-widget-container\">\n\t\t\t\t\t<div class=\"elementor-button-wrapper\">\n\t\t\t<a href=\"http:\/\/rojdelta.com.br\/?page_id=5520\" class=\"elementor-button-link elementor-button elementor-size-sm\" role=\"button\">\n\t\t\t\t\t\t<span class=\"elementor-button-content-wrapper\">\n\t\t\t\t\t\t<span class=\"elementor-button-text\">Servi\u00e7os <\/span>\n\t\t<\/span>\n\t\t\t\t\t<\/a>\n\t\t<\/div>\n\t\t\t\t<\/div>\n\t\t\t\t<\/div>\n\t\t\t\t\t<\/div>\n\t\t<\/div>\n\t\t\t\t<div class=\"elementor-column elementor-col-25 elementor-top-column elementor-element elementor-element-90c5c9a\" data-id=\"90c5c9a\" data-element_type=\"column\">\n\t\t\t<div class=\"elementor-widget-wrap elementor-element-populated\">\n\t\t\t\t\t\t\t\t<div class=\"elementor-element elementor-element-0e86a1c elementor-widget elementor-widget-button\" data-id=\"0e86a1c\" data-element_type=\"widget\" data-widget_type=\"button.default\">\n\t\t\t\t<div class=\"elementor-widget-container\">\n\t\t\t\t\t<div class=\"elementor-button-wrapper\">\n\t\t\t<a href=\"http:\/\/rojdelta.com.br\/?page_id=5533\" class=\"elementor-button-link elementor-button elementor-size-sm\" role=\"button\">\n\t\t\t\t\t\t<span class=\"elementor-button-content-wrapper\">\n\t\t\t\t\t\t<span class=\"elementor-button-text\">Contatos<\/span>\n\t\t<\/span>\n\t\t\t\t\t<\/a>\n\t\t<\/div>\n\t\t\t\t<\/div>\n\t\t\t\t<\/div>\n\t\t\t\t\t<\/div>\n\t\t<\/div>\n\t\t\t\t\t\t\t<\/div>\n\t\t<\/section>\n\t\t\t\t<section class=\"elementor-section elementor-top-section elementor-element elementor-element-mm2e8dv elementor-section-content-middle elementor-reverse-mobile elementor-section-boxed elementor-section-height-default elementor-section-height-default\" data-id=\"mm2e8dv\" data-element_type=\"section\" data-settings=\"{&quot;background_background&quot;:&quot;gradient&quot;}\">\n\t\t\t\t\t\t\t<div class=\"elementor-background-overlay\"><\/div>\n\t\t\t\t\t\t\t<div class=\"elementor-container elementor-column-gap-default\">\n\t\t\t\t\t<div class=\"elementor-column elementor-col-100 elementor-top-column elementor-element elementor-element-b7bcb4e\" data-id=\"b7bcb4e\" data-element_type=\"column\">\n\t\t\t<div class=\"elementor-widget-wrap elementor-element-populated\">\n\t\t\t\t\t\t\t\t<div class=\"elementor-element elementor-element-1ac7343 elementor-widget elementor-widget-text-editor\" data-id=\"1ac7343\" data-element_type=\"widget\" data-widget_type=\"text-editor.default\">\n\t\t\t\t<div class=\"elementor-widget-container\">\n\t\t\t<style>\/*! elementor - v3.8.1 - 13-11-2022 *\/\n.elementor-widget-text-editor.elementor-drop-cap-view-stacked .elementor-drop-cap{background-color:#818a91;color:#fff}.elementor-widget-text-editor.elementor-drop-cap-view-framed .elementor-drop-cap{color:#818a91;border:3px solid;background-color:transparent}.elementor-widget-text-editor:not(.elementor-drop-cap-view-default) .elementor-drop-cap{margin-top:8px}.elementor-widget-text-editor:not(.elementor-drop-cap-view-default) .elementor-drop-cap-letter{width:1em;height:1em}.elementor-widget-text-editor .elementor-drop-cap{float:left;text-align:center;line-height:1;font-size:50px}.elementor-widget-text-editor .elementor-drop-cap-letter{display:inline-block}<\/style>\t\t\t\t<p><!-- wp:uagb\/advanced-heading {\"block_id\":\"34e8e8ed\",\"classMigrate\":true,\"headingAlign\":\"center\",\"headingTag\":\"h1\",\"blockTopPadding\":150,\"blockRightPadding\":0,\"blockLeftPadding\":0,\"blockBottomPadding\":100,\"blockTopPaddingTablet\":80,\"blockRightPaddingTablet\":30,\"blockLeftPaddingTablet\":30,\"blockBottomPaddingTablet\":40,\"blockTopPaddingMobile\":60,\"blockRightPaddingMobile\":24,\"blockLeftPaddingMobile\":24,\"blockBottomPaddingMobile\":60} --><\/p>\n<div>\n<h1>Servi\u00e7os<\/h1>\n<div>\u00a0<\/div>\n<div>\n<figure style=\"font-size: 16px; font-style: normal; font-weight: 400;\"><img loading=\"lazy\" decoding=\"async\" title=\"\" src=\"http:\/\/rojdelta.com.br\/wp-content\/uploads\/2021\/03\/basil-leaf.png\" srcset=\"http:\/\/rojdelta.com.br\/wp-content\/uploads\/2021\/03\/basil-leaf.png 1024w\" alt=\"\" width=\"70\" height=\"30\" \/><\/figure>\n<figure><span style=\"background-color: transparent; font-size: 24px;\"><span style=\"color: #111111; font-family: Merriweather, serif;\"><b>El\u00e9trica,\u00a0<\/b><\/span><\/span><span style=\"background-color: transparent; font-size: 24px;\"><span style=\"color: #111111; font-family: Merriweather, serif;\"><b>Pintura, Reparos, Esgotamento, Impermeabiliza\u00e7\u00f5es, acabamentos e etc&#8230;<\/b><\/span><\/span><span style=\"font-style: inherit; font-weight: inherit; background-color: transparent; color: var(--ast-global-color-3); font-size: 24px;\"><span style=\"color: #111111; font-family: Merriweather, serif;\"><b>\u00a0<\/b><\/span><\/span><span style=\"font-style: inherit; background-color: transparent; font-size: 1.5rem; font-weight: bold; color: var(--ast-global-color-2); font-family: Merriweather, serif;\">;<\/span><\/figure>\n<\/div>\n<\/div>\n<p><!-- \/wp:uagb\/advanced-heading --><\/p>\n<p><!-- wp:uagb\/container {\"block_id\":\"e9b7d0c4\",\"backgroundType\":\"color\",\"backgroundSizeTablet\":\"cover\",\"backgroundSizeMobile\":\"cover\",\"backgroundColor\":\"var(\\u002d\\u002dast-global-color-5)\",\"borderStyle\":\"\",\"topMarginDesktop\":0,\"bottomMarginDesktop\":0,\"leftMarginDesktop\":0,\"rightMarginDesktop\":0,\"variationSelected\":true,\"isBlockRootParent\":true,\"blockDescendants\":[{\"clientId\":\"8c29b07f-067b-4219-94ec-c48b7e12e3b2\",\"name\":\"uagb\/image\",\"isValid\":true,\"attributes\":{\"isPreview\":false,\"layout\":\"default\",\"url\":\"\",\"urlTablet\":\"\",\"urlMobile\":\"\",\"alt\":\"\",\"enableCaption\":false,\"caption\":\"\",\"align\":\"\",\"alignTablet\":\"\",\"alignMobile\":\"\",\"id\":\"\",\"href\":\"\",\"rel\":\"\",\"linkClass\":\"\",\"linkDestination\":\"\",\"title\":\"\",\"width\":\"\",\"widthTablet\":\"\",\"widthMobile\":\"\",\"height\":\"\",\"heightTablet\":\"\",\"heightMobile\":\"\",\"naturalWidth\":\"\",\"naturalHeight\":\"\",\"linkTarget\":\"\",\"sizeSlug\":\"\",\"sizeSlugTablet\":\"\",\"sizeSlugMobile\":\"\",\"imageMarginUnit\":\"px\",\"imageMarginUnitTablet\":\"px\",\"imageMarginUnitMobile\":\"px\",\"imageMarginLink\":true,\"captionText\":\"\",\"captionShowOn\":\"hover\",\"captionLoadGoogleFonts\":false,\"captionAlign\":\"center\",\"captionFontFamily\":\"Default\",\"captionFontStyle\":\"normal\",\"captionFontSizeType\":\"px\",\"captionLineHeightType\":\"em\",\"captionMarginUnit\":\"px\",\"captionMarginUnitTablet\":\"px\",\"captionMarginUnitMobile\":\"px\",\"captionMarginLink\":false,\"heading\":\"\",\"headingShowOn\":\"always\",\"headingTag\":\"h2\",\"headingLoadGoogleFonts\":false,\"headingColor\":\"#fff\",\"headingFontFamily\":\"Default\",\"headingFontStyle\":\"normal\",\"headingFontSizeType\":\"px\",\"headingLineHeightType\":\"em\",\"headingMarginUnit\":\"px\",\"headingMarginUnitTablet\":\"px\",\"headingMarginUnitMobile\":\"px\",\"headingMarginLink\":false,\"overlayPositionFromEdge\":15,\"overlayPositionFromEdgeUnit\":\"px\",\"overlayContentPosition\":\"center center\",\"overlayBackground\":\"\",\"overlayOpacity\":0.2,\"overlayHoverOpacity\":1,\"seperatorShowOn\":\"hover\",\"seperatorStyle\":\"none\",\"seperatorColor\":\"#fff\",\"seperatorPosition\":\"after_title\",\"seperatorWidth\":30,\"separatorWidthType\":\"%\",\"seperatorThickness\":2,\"seperatorThicknessUnit\":\"px\",\"seperatorMarginUnit\":\"px\",\"seperatorMarginUnitTablet\":\"px\",\"seperatorMarginUnitMobile\":\"px\",\"seperatorMarginLink\":false,\"imageHoverEffect\":\"static\",\"imageBoxShadowHOffset\":0,\"imageBoxShadowVOffset\":0,\"imageBoxShadowPosition\":\"outset\",\"maskShape\":\"none\",\"maskCustomShape\":{\"url\":\"\",\"alt\":\"mask shape\"},\"maskSize\":\"auto\",\"maskPosition\":\"center center\",\"maskRepeat\":\"no-repeat\",\"headingLetterSpacingType\":\"px\",\"captionLetterSpacingType\":\"px\",\"customHeightSetDesktop\":false,\"customHeightSetTablet\":false,\"customHeightSetMobile\":false,\"imageBorderTopWidth\":\"\",\"imageBorderLeftWidth\":\"\",\"imageBorderRightWidth\":\"\",\"imageBorderBottomWidth\":\"\",\"imageBorderTopLeftRadius\":\"\",\"imageBorderTopRightRadius\":\"\",\"imageBorderBottomLeftRadius\":\"\",\"imageBorderBottomRightRadius\":\"\",\"imageBorderRadiusUnit\":\"px\",\"imageBorderTopWidthTablet\":\"\",\"imageBorderLeftWidthTablet\":\"\",\"imageBorderRightWidthTablet\":\"\",\"imageBorderBottomWidthTablet\":\"\",\"imageBorderTopLeftRadiusTablet\":\"\",\"imageBorderTopRightRadiusTablet\":\"\",\"imageBorderBottomLeftRadiusTablet\":\"\",\"imageBorderBottomRightRadiusTablet\":\"\",\"imageBorderRadiusUnitTablet\":\"px\",\"imageBorderTopWidthMobile\":\"\",\"imageBorderLeftWidthMobile\":\"\",\"imageBorderRightWidthMobile\":\"\",\"imageBorderBottomWidthMobile\":\"\",\"imageBorderTopLeftRadiusMobile\":\"\",\"imageBorderTopRightRadiusMobile\":\"\",\"imageBorderBottomLeftRadiusMobile\":\"\",\"imageBorderBottomRightRadiusMobile\":\"\",\"imageBorderRadiusUnitMobile\":\"px\",\"imageBorderLink\":true,\"imageBorderRadiusLink\":true,\"imageBorderStyle\":\"none\",\"imageBorderColor\":\"\",\"imageBorderHColor\":\"\",\"overlayBorderTopWidth\":\"\",\"overlayBorderLeftWidth\":\"\",\"overlayBorderRightWidth\":\"\",\"overlayBorderBottomWidth\":\"\",\"overlayBorderTopLeftRadius\":\"\",\"overlayBorderTopRightRadius\":\"\",\"overlayBorderBottomLeftRadius\":\"\",\"overlayBorderBottomRightRadius\":\"\",\"overlayBorderRadiusUnit\":\"px\",\"overlayBorderTopWidthTablet\":\"\",\"overlayBorderLeftWidthTablet\":\"\",\"overlayBorderRightWidthTablet\":\"\",\"overlayBorderBottomWidthTablet\":\"\",\"overlayBorderTopLeftRadiusTablet\":\"\",\"overlayBorderTopRightRadiusTablet\":\"\",\"overlayBorderBottomLeftRadiusTablet\":\"\",\"overlayBorderBottomRightRadiusTablet\":\"\",\"overlayBorderRadiusUnitTablet\":\"px\",\"overlayBorderTopWidthMobile\":\"\",\"overlayBorderLeftWidthMobile\":\"\",\"overlayBorderRightWidthMobile\":\"\",\"overlayBorderBottomWidthMobile\":\"\",\"overlayBorderTopLeftRadiusMobile\":\"\",\"overlayBorderTopRightRadiusMobile\":\"\",\"overlayBorderBottomLeftRadiusMobile\":\"\",\"overlayBorderBottomRightRadiusMobile\":\"\",\"overlayBorderRadiusUnitMobile\":\"px\",\"overlayBorderLink\":true,\"overlayBorderRadiusLink\":true,\"overlayBorderStyle\":\"solid\",\"overlayBorderColor\":\"\",\"overlayBorderHColor\":\"\",\"UAGHideDesktop\":false,\"UAGHideMob\":false,\"UAGHideTab\":false,\"UAGLoggedIn\":false,\"UAGLoggedOut\":false,\"block_id\":\"8c29b07f\"},\"innerBlocks\":[]}]} --><\/p>\n<div>\n<div>\n<p><!-- wp:uagb\/image {\"block_id\":\"821cc09b\",\"url\":\"http:\/\/rojdelta.com.br\/wp-content\/uploads\/2021\/03\/basil-leaf.png\",\"align\":\"center\",\"id\":3958,\"linkDestination\":\"none\",\"width\":150,\"naturalWidth\":313,\"naturalHeight\":135,\"sizeSlug\":\"full\",\"imageTopMargin\":-25,\"imageRightMargin\":0,\"imageLeftMargin\":0,\"imageBottomMargin\":0,\"imageMarginLink\":false} --><\/p>\n<div>\n<figure><img loading=\"lazy\" decoding=\"async\" title=\"\" src=\"http:\/\/rojdelta.com.br\/wp-content\/uploads\/2021\/03\/basil-leaf.png\" srcset=\"http:\/\/rojdelta.com.br\/wp-content\/uploads\/2021\/03\/basil-leaf.png 1024w\" alt=\"\" width=\"70\" height=\"30\" \/><\/figure>\n<figure><span style=\"color: var(--ast-global-color-2); font-family: Merriweather, serif; font-size: 1.5rem; font-style: inherit; font-weight: bold; background-color: transparent;\">Desobstru\u00e7\u00e3o e Limpeza em tubula\u00e7\u00f5es com caminh\u00e3o\u00a0 v\u00e1cuo;<\/span><\/figure>\n<figure><img loading=\"lazy\" decoding=\"async\" style=\"font-style: inherit; font-weight: inherit; background-color: transparent; color: var(--ast-global-color-3);\" title=\"\" src=\"http:\/\/rojdelta.com.br\/wp-content\/uploads\/2021\/03\/basil-leaf.png\" srcset=\"http:\/\/rojdelta.com.br\/wp-content\/uploads\/2021\/03\/basil-leaf.png 1024w\" alt=\"\" width=\"70\" height=\"30\" \/><\/figure>\n<\/div>\n<\/div>\n<div>\n<div>\n<div>\n<h3>Limpeza de caixas de gordura com caminh\u00e3o v\u00e1cuo, servi\u00e7os de limpeza em espa\u00e7o confinado, atendendo as novas exig\u00eancias da NR-33;<\/h3>\n<p>\u00a0<\/p>\n<p><img loading=\"lazy\" decoding=\"async\" title=\"\" src=\"http:\/\/rojdelta.com.br\/wp-content\/uploads\/2021\/03\/basil-leaf.png\" srcset=\"http:\/\/rojdelta.com.br\/wp-content\/uploads\/2021\/03\/basil-leaf.png 1024w\" alt=\"\" width=\"70\" height=\"30\" \/><\/p>\n<h3>Trabalho em altura por equipe qualificada atendendo todas as exig\u00eancias da NR-35;<\/h3>\n<div>\u00a0<\/div>\n<p><img loading=\"lazy\" decoding=\"async\" title=\"\" src=\"http:\/\/rojdelta.com.br\/wp-content\/uploads\/2021\/03\/basil-leaf.png\" srcset=\"http:\/\/rojdelta.com.br\/wp-content\/uploads\/2021\/03\/basil-leaf.png 1024w\" alt=\"\" width=\"70\" height=\"30\" \/><\/p>\n<h3>Consertos de bombas e motores, instala\u00e7\u00f5es el\u00e9tricas, manuten\u00e7\u00e3o predial, caracteriza\u00e7\u00e3o de efluentes, an\u00e1lise f\u00edsico &#8211; qu\u00edmico laboratoriais, limpeza de castelos, cisternas, caixas d&#8217;\u00e1gua, com laudo de potabilidade;<\/h3>\n<div>\u00a0<\/div>\n<p><img loading=\"lazy\" decoding=\"async\" title=\"\" src=\"http:\/\/rojdelta.com.br\/wp-content\/uploads\/2021\/03\/basil-leaf.png\" srcset=\"http:\/\/rojdelta.com.br\/wp-content\/uploads\/2021\/03\/basil-leaf.png 1024w\" alt=\"\" width=\"70\" height=\"30\" \/><\/p>\n<h3>Coleta e transporte de esgoto e produtos qu\u00edmicos;<\/h3>\n<p>\u00a0<\/p>\n<p>\u00a0 <img loading=\"lazy\" decoding=\"async\" class=\"alignnone  wp-image-5635\" src=\"http:\/\/rojdelta.com.br\/wp-content\/uploads\/2023\/01\/5-300x300.png\" alt=\"\" width=\"186\" height=\"186\" srcset=\"https:\/\/rojdelta.com.br\/wp-content\/uploads\/2023\/01\/5-300x300.png 300w, https:\/\/rojdelta.com.br\/wp-content\/uploads\/2023\/01\/5-1024x1024.png 1024w, https:\/\/rojdelta.com.br\/wp-content\/uploads\/2023\/01\/5-150x150.png 150w, https:\/\/rojdelta.com.br\/wp-content\/uploads\/2023\/01\/5-768x768.png 768w, https:\/\/rojdelta.com.br\/wp-content\/uploads\/2023\/01\/5-600x600.png 600w, https:\/\/rojdelta.com.br\/wp-content\/uploads\/2023\/01\/5-100x100.png 100w, https:\/\/rojdelta.com.br\/wp-content\/uploads\/2023\/01\/5.png 1080w\" sizes=\"auto, (max-width: 186px) 100vw, 186px\" \/> <img loading=\"lazy\" decoding=\"async\" class=\"alignnone  wp-image-5639\" src=\"http:\/\/rojdelta.com.br\/wp-content\/uploads\/2023\/01\/9-300x300.png\" alt=\"\" width=\"190\" height=\"190\" srcset=\"https:\/\/rojdelta.com.br\/wp-content\/uploads\/2023\/01\/9-300x300.png 300w, https:\/\/rojdelta.com.br\/wp-content\/uploads\/2023\/01\/9-1024x1024.png 1024w, https:\/\/rojdelta.com.br\/wp-content\/uploads\/2023\/01\/9-150x150.png 150w, https:\/\/rojdelta.com.br\/wp-content\/uploads\/2023\/01\/9-768x768.png 768w, https:\/\/rojdelta.com.br\/wp-content\/uploads\/2023\/01\/9-600x600.png 600w, https:\/\/rojdelta.com.br\/wp-content\/uploads\/2023\/01\/9-100x100.png 100w, https:\/\/rojdelta.com.br\/wp-content\/uploads\/2023\/01\/9.png 1080w\" sizes=\"auto, (max-width: 190px) 100vw, 190px\" \/> <img loading=\"lazy\" decoding=\"async\" class=\"alignnone  wp-image-5634\" src=\"http:\/\/rojdelta.com.br\/wp-content\/uploads\/2023\/01\/4-300x300.png\" alt=\"\" width=\"186\" height=\"186\" srcset=\"https:\/\/rojdelta.com.br\/wp-content\/uploads\/2023\/01\/4-300x300.png 300w, https:\/\/rojdelta.com.br\/wp-content\/uploads\/2023\/01\/4-1024x1024.png 1024w, https:\/\/rojdelta.com.br\/wp-content\/uploads\/2023\/01\/4-150x150.png 150w, https:\/\/rojdelta.com.br\/wp-content\/uploads\/2023\/01\/4-768x768.png 768w, https:\/\/rojdelta.com.br\/wp-content\/uploads\/2023\/01\/4-600x600.png 600w, https:\/\/rojdelta.com.br\/wp-content\/uploads\/2023\/01\/4-100x100.png 100w, https:\/\/rojdelta.com.br\/wp-content\/uploads\/2023\/01\/4.png 1080w\" sizes=\"auto, (max-width: 186px) 100vw, 186px\" \/><img loading=\"lazy\" decoding=\"async\" class=\"alignnone  wp-image-5632\" src=\"http:\/\/rojdelta.com.br\/wp-content\/uploads\/2023\/01\/2-300x300.png\" alt=\"\" width=\"181\" height=\"181\" srcset=\"https:\/\/rojdelta.com.br\/wp-content\/uploads\/2023\/01\/2-300x300.png 300w, https:\/\/rojdelta.com.br\/wp-content\/uploads\/2023\/01\/2-1024x1024.png 1024w, https:\/\/rojdelta.com.br\/wp-content\/uploads\/2023\/01\/2-150x150.png 150w, https:\/\/rojdelta.com.br\/wp-content\/uploads\/2023\/01\/2-768x768.png 768w, https:\/\/rojdelta.com.br\/wp-content\/uploads\/2023\/01\/2-600x600.png 600w, https:\/\/rojdelta.com.br\/wp-content\/uploads\/2023\/01\/2-100x100.png 100w, https:\/\/rojdelta.com.br\/wp-content\/uploads\/2023\/01\/2.png 1080w\" sizes=\"auto, (max-width: 181px) 100vw, 181px\" \/><\/p>\n<\/div>\n<\/div>\n<\/div>\n<\/div>\n<div>\n<div>\n<div>\n<div>\n<div>\n<p><!-- \/wp:uagb\/buttons-child --><\/p>\n<\/div>\n<\/div>\n<p><!-- \/wp:uagb\/buttons --><\/p>\n<\/div>\n<p><!-- \/wp:uagb\/container --><\/p>\n<\/div>\n<\/div>\n<p><!-- \/wp:uagb\/container --><\/p>\t\t\t\t\t\t<\/div>\n\t\t\t\t<\/div>\n\t\t\t\t\t<\/div>\n\t\t<\/div>\n\t\t\t\t\t\t\t<\/div>\n\t\t<\/section>\n\t\t\t\t<section class=\"elementor-section elementor-top-section elementor-element elementor-element-b858854 elementor-section-content-middle elementor-section-boxed elementor-section-height-default elementor-section-height-default\" data-id=\"b858854\" data-element_type=\"section\" data-settings=\"{&quot;background_background&quot;:&quot;classic&quot;}\">\n\t\t\t\t\t\t<div class=\"elementor-container elementor-column-gap-no\">\n\t\t\t\t\t<div class=\"elementor-column elementor-col-50 elementor-top-column elementor-element elementor-element-df6f573\" data-id=\"df6f573\" data-element_type=\"column\">\n\t\t\t<div class=\"elementor-widget-wrap elementor-element-populated\">\n\t\t\t\t\t\t\t\t<div class=\"elementor-element elementor-element-7519a3b elementor-widget elementor-widget-text-editor\" data-id=\"7519a3b\" data-element_type=\"widget\" data-widget_type=\"text-editor.default\">\n\t\t\t\t<div class=\"elementor-widget-container\">\n\t\t\t\t\t\t\t<p>Copyright \u00a9 2022 | ROJ Delta<\/p>\n<p><a href=\"http:\/\/rojdelta.com.br\/\">comercial@rojdelta.com.br<\/a><br \/><br \/>21 98522-1253 \/ 97002-5539 \/ 99482-4139<\/p>\t\t\t\t\t\t<\/div>\n\t\t\t\t<\/div>\n\t\t\t\t\t<\/div>\n\t\t<\/div>\n\t\t\t\t<div class=\"elementor-column elementor-col-50 elementor-top-column elementor-element elementor-element-0c7a31c\" data-id=\"0c7a31c\" data-element_type=\"column\">\n\t\t\t<div class=\"elementor-widget-wrap elementor-element-populated\">\n\t\t\t\t\t\t\t\t<div class=\"elementor-element elementor-element-1341865 elementor-align-left elementor-mobile-align-center elementor-tablet-align-center elementor-widget elementor-widget-button\" data-id=\"1341865\" data-element_type=\"widget\" data-widget_type=\"button.default\">\n\t\t\t\t<div class=\"elementor-widget-container\">\n\t\t\t\t\t<div class=\"elementor-button-wrapper\">\n\t\t\t<a href=\"https:\/\/api.whatsapp.com\/send?phone=5521985221253\" target=\"_blank\" class=\"elementor-button-link elementor-button elementor-size-md\" role=\"button\">\n\t\t\t\t\t\t<span class=\"elementor-button-content-wrapper\">\n\t\t\t\t\t\t\t<span class=\"elementor-button-icon elementor-align-icon-left\">\n\t\t\t\t\t\t\t<\/span>\n\t\t\t\t\t\t<span class=\"elementor-button-text\">Pe\u00e7a seu or\u00e7amento<\/span>\n\t\t<\/span>\n\t\t\t\t\t<\/a>\n\t\t<\/div>\n\t\t\t\t<\/div>\n\t\t\t\t<\/div>\n\t\t\t\t\t<\/div>\n\t\t<\/div>\n\t\t\t\t\t\t\t<\/div>\n\t\t<\/section>\n\t\t\t\t\t\t\t<\/div>\n\t\t","protected":false},"excerpt":{"rendered":"<p>Home A Empresa Servi\u00e7os Contatos Copyright \u00a9 2022 | ROJ Delta comercial@rojdelta.com.br 21 98522-1253 \/ 97002-5539 \/ 99482-4139 Pe\u00e7a seu or\u00e7amento<\/p>\n","protected":false},"author":1,"featured_media":0,"parent":0,"menu_order":0,"comment_status":"closed","ping_status":"closed","template":"","meta":{"site-sidebar-layout":"default","site-content-layout":"default","ast-global-header-display":"","ast-main-header-display":"","ast-hfb-above-header-display":"","ast-hfb-below-header-display":"","ast-hfb-mobile-header-display":"","site-post-title":"","ast-breadcrumbs-content":"","ast-featured-img":"","footer-sml-layout":"","theme-transparent-header-meta":"","adv-header-id-meta":"","stick-header-meta":"","header-above-stick-meta":"","header-main-stick-meta":"","header-below-stick-meta":"","footnotes":""},"class_list":["post-5520","page","type-page","status-publish","hentry"],"_links":{"self":[{"href":"https:\/\/rojdelta.com.br\/index.php?rest_route=\/wp\/v2\/pages\/5520","targetHints":{"allow":["GET"]}}],"collection":[{"href":"https:\/\/rojdelta.com.br\/index.php?rest_route=\/wp\/v2\/pages"}],"about":[{"href":"https:\/\/rojdelta.com.br\/index.php?rest_route=\/wp\/v2\/types\/page"}],"author":[{"embeddable":true,"href":"https:\/\/rojdelta.com.br\/index.php?rest_route=\/wp\/v2\/users\/1"}],"replies":[{"embeddable":true,"href":"https:\/\/rojdelta.com.br\/index.php?rest_route=%2Fwp%2Fv2%2Fcomments&post=5520"}],"version-history":[{"count":72,"href":"https:\/\/rojdelta.com.br\/index.php?rest_route=\/wp\/v2\/pages\/5520\/revisions"}],"predecessor-version":[{"id":5783,"href":"https:\/\/rojdelta.com.br\/index.php?rest_route=\/wp\/v2\/pages\/5520\/revisions\/5783"}],"wp:attachment":[{"href":"https:\/\/rojdelta.com.br\/index.php?rest_route=%2Fwp%2Fv2%2Fmedia&parent=5520"}],"curies":[{"name":"wp","href":"https:\/\/api.w.org\/{rel}","templated":true}]}}